ens digit of 3960?
6
What is the tens digit of 472?
7
What is the thousands digit of 27923?
7
What is the tens digit of 39543?
4
What is the thousands digit of 7615?
7
What is the ten thousands digit of 65003?
6
What is the hundreds digit of 76358?
3
What is the thousands digit of 2611?
2
What is the tens digit of 147?
4
What is the tens digit of 37246?
4
What is the hundreds digit of 358?
3
What is the units digit of 10256?
6
What is the units digit of 12545?
5
What is the thousands digit of 80261?
0
What is the hundreds digit of 30351?
3
What is the units digit of 1881?
1
What is the units digit of 95?
5
What is the units digit of 397?
7
What is the hundreds digit of 996?
9
What is the tens digit of 590?
9
What is the ten thousands digit of 47237?
4
What is the tens digit of 945?
4
What is the tens digit of 9160?
6
What is the units digit of 169?
9
What is the tens digit of 957?
5
What is the tens digit of 176?
7
What is the thousands digit of 28969?
8
What is the hundreds digit of 5572?
5
What is the thousands digit of 96917?
6
What is the thousands digit of 1632?
1
What is the units digit of 41?
1
What is the hundreds digit of 34393?
3
What is the hundreds digit of 11706?
7
What is the thousands digit of 24774?
4
What is the tens digit of 2083?
8
What is the tens digit of 4416?
1
What is the thousands digit of 3356?
3
What is the hundreds digit of 11000?
0
What is the units digit of 273?
3
What is the hundred thousands digit of 108601?
1
What is the tens digit of 5181?
8
What is the thousands digit of 14067?
4
What is the units digit of 4926?
6
What is the thousands digit of 15690?
5
What is the thousands digit of 92231?
2
What is the hundreds digit of 44447?
4
What is the units digit of 152?
2
What is the tens digit of 747?
4
What is the tens digit of 1773?
7
What is the units digit of 1454?
4
What is the hundreds digit of 3493?
4
What is the hundreds digit of 6374?
3
What is the hundreds digit of 190?
1
What is the tens digit of 840?
4
What is the units digit of 4048?
8
What is the hundred thousands digit of 141748?
1
What is the tens digit of 11378?
7
What is the hundreds digit of 13619?
6
What is the ten thousands digit of 66985?
6
What is the units digit of 20934?
4
What is the tens digit of 5836?
3
What is the hundreds digit of 1630?
6
What is the thousands digit of 32130?
2
What is the units digit of 101434?
4
What is the tens digit of 8699?
9
What is the units digit of 828?
8
What is the tens digit of 27087?
8
What is the tens digit of 1148?
4
What is the ten thousands digit of 64575?
6
What is the tens digit of 3752?
5
What is the thousands digit of 45406?
5
What is the tens digit of 22464?
6
What is the units digit of 903?
3
What is the ten thousands digit of 57002?
5
What is the hundreds digit of 2449?
4
What is the units digit of 13920?
0
What is the tens digit of 5883?
8
What is the thousands digit of 140550?
0
What is the ten thousands digit of 30270?
3
What is the hundreds digit of 879?
8
What is the hundreds digit of 14487?
4
What is the units digit of 39?
9
What is the tens digit of 9351?
5
What is the thousands digit of 4331?
4
What is the tens digit of 109349?
4
What is the tens digit of 2444?
4
What is the thousands digit of 3789?
3
What is the hundreds digit of 8776?
7
What is the thousands digit of 67118?
7
What is the ten thousands digit of 21835?
2
What is the tens digit of 2852?
5
What is the hundreds digit of 513?
5
What is the tens digit of 11210?
1
What is the units digit of 803?
3
What is the thousands digit of 26484?
6
What is the hundreds digit of 475?
4
What is the tens digit of 1272?
7
What is the hundreds digit of 46827?
8
What is the tens digit of 7076?
7
What is the tens digit of 1832?
3
What is the units digit of 4733?
3
What is the hundreds digit of 1769?
7
What is the thousands digit of 2285?
2
What is the units digit of 8115?
5
What is the thousands digit of 7488?
7
What is the tens digit of 284?
8
What is the tens digit of 648?
4
What is the tens digit of 55237?
3
What is the ten thousands digit of 41196?
4
What is the units digit of 79696?
6
What is the hundreds digit of 1340?
3
What is the thousands digit of 10418?
0
What is the tens digit of 848?
4
What is the tens digit of 22531?
3
What is the tens digit of 9075?
7
What is the thousands digit of 68319?
8
What is the tens digit of 10872?
7
What is the units digit of 168?
8
What is the hundreds digit of 64443?
4
What is the units digit of 2246?
6
What is the units digit of 2070?
0
What is the tens digit of 2923?
2
What is the hundreds digit of 3407?
4
What is the tens digit of 21142?
4
What is the hundreds digit of 1837?
8
What is the thousands digit of 48919?
8
What is the tens digit of 15274?
7
What is the hundreds digit of 39161?
1
What is the hundreds digit of 144?
1
What is the tens digit of 797?
9
What is the hundreds digit of 3551?
5
What is the ten thousands digit of 92569?
9
What is the ten thousands digit of 47898?
4
What is the hundreds digit of 641?
6
What is the thousands digit of 6025?
6
What is the hundreds digit of 816?
8
What is the ten thousands digit of 81823?
8
What is the units digit of 55296?
6
What is the units digit of 34439?
9
What is the tens digit of 401?
0
What is the tens digit of 39964?
6
What is the hundreds digit of 5234?
2
What is the thousands digit of 51592?
1
What is the thousands digit of 3764?
3
What is the hundreds digit of 1588?
5
What is the units digit of 1042?
2
What is the hundreds digit of 58854?
8
What is the thousands digit of 18188?
8
What is the tens digit of 94633?
3
What is the tens digit of 893?
9
What is the tens digit of 17090?
9
What is the tens digit of 1735?
3
What is the thousands digit of 1073?
1
What is the units digit of 4010?
0
What is the tens digit of 21?
2
What is the hundreds digit of 563?
5
What is the hundred thousands digit of 147479?
1
What is the thousands digit of 74929?
4
What is the ten thousands digit of 97458?
9
What is the hundreds digit of 1277?
2
What is the thousands digit of 5882?
5
What is the thousands digit of 25048?
5
What is the units digit of 27067?
7
What is the thousands digit of 12903?
2
What is the units digit of 14748?
8
What is the tens digit of 632?
3
What is the tens digit of 6701?
0
What is the units digit of 3897?
7
What is the units digit of 929?
9
What is the thousands digit of 1785?
1
What is the units digit of 242?
2
What is the units digit of 1264?
4
What is the thousands digit of 3296?
3
What is the tens digit of 5341?
4
What is the units digit of 3037?
7
What is the hundreds digit of 5677?
6
What is the units digit of 25715?
5
What is the units digit of 21696?
6
What is the tens digit of 43656?
5
What is the thousands digit of 7515?
7
What is the tens digit of 851?
5
What is the units digit of 729?
9
What is the units digit of 12533?
3
What is the hundreds digit of 808?
8
What is the thousands digit of 6172?
6
What is the units digit of 2763?
3
What is the thousands digit of 2787?
2
What is the units digit of 4596?
6
What is the units digit of 2839?
9
What is the hundred thousands digit of 140471?
1
What is the tens digit of 103?
0
What is the units digit of 12728?
8
What is the hundreds digit of 41807?
8
What is the hundreds digit of 983?
9
What is the tens digit of 1098?
9
What is the units digit of 5738?
8
What is the tens digit of 2402?
0
What is the thousands digit of 18480?
8
What is the tens digit of 29?
2
What is the units digit of 1665?
5
What is the units digit of 1435?
5
What is the hundreds digit of 1740?
7
What is the units digit of 1978?
8
What is the tens digit of 143?
4
What is the tens digit of 12860?
6
What is the hundreds digit of 10956?
9
What is the units digit of 3015?
5
What is the thousands digit of 16514?
6
What is the units digit of 853?
3
What is the ten thousands digit of 33257?
3
What is the hundreds digit of 144883?
8
What is the units digit of 2307?
7
What is the thousands digit of 21923?
1
What is the thousands digit of 154436?
4
What is the units digit of 689?
9
What is the ten thousands digit of 153551?
5
What is the hundreds digit of 51366?
3
What is the units digit of 1877?
7
What is the hundreds digit of 14565?
5
What is the tens digit of 2793?
9
What is the tens digit of 70745?
4
What is the units digit